13?
False
Does 9 divide 10674?
True
Is 20652 a multiple of 12?
True
Is 311 a factor of 38510?
False
Does 10 divide 2009?
False
Is 5538 a multiple of 78?
True
Is 39 a factor of 31382?
False
Is 406 a multiple of 7?
True
Does 5 divide 60?
True
Is 1554 a multiple of 7?
True
Is 5166 a multiple of 63?
True
Is 27 a factor of 1863?
True
Is 6 a factor of 6786?
True
Does 40 divide 36560?
True
Is 7 a factor of 4031?
False
Does 192 divide 3921?
False
Does 136 divide 4896?
True
Does 34 divide 260?
False
Does 201 divide 123691?
False
Is 32 a factor of 351?
False
Does 85 divide 7641?
False
Is 27983 a multiple of 27?
False
Is 5 a factor of 253?
False
Does 37 divide 592?
True
Is 737 a multiple of 24?
False
Does 56 divide 61937?
False
Is 43204 a multiple of 22?
False
Is 474 a multiple of 18?
False
Is 12 a factor of 3192?
True
Does 46 divide 2021?
False
Is 8801 a multiple of 7?
False
Does 14 divide 430?
False
Is 357 a multiple of 51?
True
Is 60727 a multiple of 51?
False
Does 18 divide 31983?
False
Is 151 a factor of 7826?
False
Does 6 divide 133?
False
Is 4 a factor of 199?
False
Is 168 a multiple of 7?
True
Does 67 divide 1876?
True
Is 43 a factor of 65214?
False
Does 28 divide 1871?
False
Is 83 a factor of 5229?
True
Does 76 divide 11476?
True
Does 38 divide 1922?
False
Is 3 a factor of 297?
True
Is 67 a factor of 1943?
True
Is 57 a factor of 4959?
True
Is 1674 a multiple of 27?
True
Does 13 divide 71153?
False
Is 6 a factor of 605?
False
Does 192 divide 22848?
True
Is 13004 a multiple of 149?
False
Is 23 a factor of 740?
False
Is 61616 a multiple of 249?
False
Is 57398 a multiple of 7?
False
Is 4 a factor of 10320?
True
Is 6 a factor of 16362?
True
Is 4515 a multiple of 35?
True
Is 18 a factor of 15504?
False
Is 147 a factor of 13377?
True
Is 23 even?
False
Does 2 divide 88?
True
Is 18 a factor of 234?
True
Is 7 a factor of 308?
True
Is 14 a factor of 14188?
False
Is 15823 a multiple of 177?
False
Is 7437 a multiple of 40?
False
Is 12216 a multiple of 24?
True
Is 22 a multiple of 11?
True
Does 15 divide 60645?
True
Is 3 a factor of 57?
True
Is 548 a multiple of 4?
True
Is 4 a factor of 6336?
True
Is 5 a factor of 11124?
False
Is 8260 a multiple of 59?
True
Is 8843 a multiple of 38?
False
Does 16 divide 14726?
False
Is 30064 a multiple of 24?
False
Does 14 divide 1036?
True
Is 7187 a multiple of 20?
False
Is 302 a multiple of 81?
False
Is 8 a factor of 2828?
False
Is 14 a factor of 2031?
False
Is 25 a factor of 4750?
True
Does 16 divide 697?
False
Does 70 divide 3090?
False
Is 15376 a multiple of 18?
False
Is 33 a factor of 6253?
False
Does 17 divide 3793?
False
Does 12 divide 1176?
True
Does 5 divide 1029?
False
Does 27 divide 432?
True
Is 784 a multiple of 8?
True
Is 10400 a multiple of 130?
True
Does 68 divide 1356?
False
Does 84 divide 1260?
True
Does 39 divide 9204?
True
Does 32 divide 9225?
False
Is 32 a factor of 64?
True
Is 7 a factor of 2408?
True
Does 13 divide 11843?
True
Is 7 a factor of 4527?
False
Is 2 a factor of 90?
True
Is 79 a factor of 2370?
True
Is 1273 a multiple of 67?
True
Does 3 divide 209?
False
Is 98 a factor of 8040?
False
Is 2618 a multiple of 21?
False
Does 120 divide 20483?
False
Does 16 divide 944?
True
Is 7116 a multiple of 11?
False
Is 8381 a multiple of 93?
False
Does 118 divide 2697?
False
Is 121 a multiple of 11?
True
Does 3 divide 3138?
True
Is 3 a factor of 333?
True
Is 9 a factor of 9093?
False
Is 15 a factor of 1005?
True
Does 15 divide 1800?
True
Is 64 a factor of 3776?
True
Is 108 a multiple of 18?
True
Does 3 divide 201?
True
Does 4 divide 208?
True
Is 45950 a multiple of 50?
True
Does 57 divide 41439?
True
Does 4 divide 10668?
True
Is 26 a factor of 67870?
False
Is 10281 a multiple of 87?
False
Does 111 divide 3937?
False
Is 3 a factor of 69?
True
Does 7 divide 10188?
False
Is 1228 a multiple of 54?
False
Does 8 divide 8670?
False
Is 13378 a multiple of 13?
False
Does 43 divide 2615?
False
Does 105 divide 27405?
True
Is 9 a factor of 1525?
False
Does 51 divide 4335?
True
Does 2 divide 133?
False
Is 32 a factor of 3584?
True
Is 1666 a multiple of 10?
False
Is 319 a multiple of 11?
True
Is 10465 even?
False
Is 395 even?
False
Is 21 a factor of 22470?
True
Is 5822 a multiple of 71?
True
Is 11470 a multiple of 190?
False
Does 25 divide 6525?
True
Does 24 divide 11352?
True
Is 10 a factor of 1168?
False
Is 37443 a multiple of 87?
False
Does 24 divide 120?
True
Is 13038 a multiple of 17?
False
Does 49 divide 15934?
False
Does 107 divide 7383?
True
Does 4 divide 936?
True
Does 4 divide 9110?
False
Does 8 divide 656?
True
Does 17 divide 1360?
True
Is 1149 a multiple of 6?
False
Is 40 a factor of 5493?
False
Is 13 a factor of 167?
False
Is 26091 a multiple of 220?
False
Is 153 a factor of 8969?
False
Does 18 divide 1170?
True
Does 18 divide 2664?
True
Is 6 a factor of 9858?
True
Is 399 a multiple of 19?
True
Is 58 a factor of 37823?
False
Does 48 divide 17658?
False
Does 71 divide 16833?
False
Does 40 divide 50105?
False
Is 119 a factor of 4998?
True
Is 16 a factor of 241?
False
Does 34 divide 1156?
True
Is 930 a multiple of 5?
True
Is 2626 a multiple of 26?
True
Does 13 divide 62946?
True
Does 24 divide 1069?
False
Is 59 a factor of 16579?
True
Does 29 divide 464?
True
Is 3 a factor of 8120?
False
Is 150 a multiple of 10?
True
Is 5 a factor of 1140?
True
Does 21 divide 1368?
False
Is 15 a factor of 855?
True
Is 77 a factor of 1107?
False
Is 8 a factor of 2056?
True
Is 646 a multiple of 52?
False
Is 17 a factor of 478?
False
Is 2917 a multiple of 6?
False
Is 69540 a multiple of 61?
True
Is 11 a factor of 28750?
False
Is 947 a multiple of 27?
False
Is 11 a factor of 8965?
True
Is 18 a factor of 2412?
True
Does 5 divide 470?
True
Is 2 a factor of 277?
False
Is 16 a factor of 6624?
True
Is 6 a factor of 817?
False
Is 127534 a multiple of 27?
False
Is 101508 a multiple of 86?
False
Is 1035 a multiple of 3?
True
Does 42 divide 1718?
False
Is 25 a factor of 3746?
False
Is 264 a multiple of 15?
False
Is 104 a factor of 180?
False
Is 33 a factor of 6996?
True
Is 8137 a multiple of 340?
False
Is 23747 a multiple of 23?
False
Does 6 divide 7967?
False
Is 80 a factor of 2960?
True
Does 49 divide 47205?
False
Does 109 divide 20492?
True
Is 29 a factor of 319?
True
Is 51750 a multiple of 90?
True
Is 211 a multiple of 8?
False
Is 4928 a multiple of 8?
True
Is 289 a multiple of 25?
False
Is 312 a multiple of 13?
True
Does 32 divide 2831?
False
Does 4 divide 968?
True
Is 16371 a multiple of 107?
True
Is 55998 a multiple of 54?
True
Is 28678 a multiple of 13?
True
Is 20 a factor of 52?
False
Is 64680 a multiple of 24?
True
Is 49 a factor of 31850?
True
Is 59 a factor of 2419?
True
Is 91216 a multiple of 16?
True
Is 43479 a multiple of 380?
False
Does 24 divide 14111?
False
Does 168 divide 11480?
False
Is 27 even?
False
Does 10 divide 18904?
False
Does 19 divide 14991?
True
Is 84 a factor of 70480?
False
Is 14 a multiple of 14?
True
Is 15 a factor of 6736?
False
Is 690 a multiple of 6?
True
Is 711 a multiple of 18?
False
Is 55 a factor of 25190?
True
Is 64 a factor of 4394?
False
Does 23 divide 756?
False
Does 23 divide 2600?
False
Does 17 divide 25303?
False
Does 115 divide 18055?
True
Is 255 a multiple of 71?
False
Is 68246 a multiple of 13?
False
Does 37 divide 181741?
False
Is 2784 a multiple of 58?
True
Is 10 a factor of 854?
False
Does 5 divide 9?
False
Is 4298 a multiple of 136?
False
Does 19 divide 342?
True
Is 42921 a multiple of 9?
True
Is 5 a factor of 5405?
True
Is 232 a multiple of 29?
True
Is 8910 a multiple of 15?
True
Is 9 a factor of 6191?
False
Does 29 divide 390?
False
Is 2158 a multiple of 13?
True
Is 50 a factor of 12378?
False
Is 19846 a multiple of 20?
False
Does 2 divide 19?
False
Is 59 a factor of 1016?
False
Is 51212 a multiple of 14?
True
Does 7 divide 88?
False
Is 12 a factor of 49944?
True
Does 67 divide 835?
False
Is 7599 a multiple of 28?
False
Does 7 divide 108?
False
Does 17 divide 51?
True
Does 17 divide 32287?
False
Is 3 a factor of 30?
True
Is 3058 even?
True
Is 91 a multiple of 43?
False
Does 18 divide 6382?
False
Does 19 divide 1539?
True
Does 13 divide 9476?
False
Is 9 a factor of 333?
True
Is 99 a factor of 36927?
True
Is 7 a factor of 3584?
True
Is 3262 a multiple of 33?
False
Does 16 divide 1664?